 - s + 3 + 1, -2 = -5*j - 2*s. Let p be j - (0 - 408/2). Let g = -115 + p. Calculate the greatest common divisor of 13 and g.
13
Suppose 2*q + 3 = 119. Calculate the greatest common divisor of q and 145.
29
Let g = 62 + -42. Let i = -7 + 11. Suppose 0 = -4*c - g, -i*y - c + 479 = 4*c. What is the greatest common factor of 14 and y?
14
Suppose v + 2*z = 8, -7*z = 4*v - 2*z - 26. Let l = -1 - -3. Suppose 0 = x - l*p + 5*p - 21, x - v*p = 0. What is the highest common divisor of x and 96?
12
Suppose 5*x - 7 = -2. Let y = 9 + x. Let q be (-3)/((-3)/50) - 0. Calculate the greatest common divisor of q and y.
10
Let d be (12/5)/((-3)/15). Let p = 17 + d. Calculate the highest common divisor of 1 and p.
1
Let r = 24 - 20. Calculate the greatest common divisor of 8 and r.
4
Suppose -2*m = 3*u - 131, 0*m = -4*m + u + 255. Calculate the greatest common divisor of m and 48.
16
Suppose -3*v + 40 + 20 = -4*g, -132 = -5*v - 4*g. Let h(t) = 5*t - 8. Let s be h(4). What is the greatest common factor of v and s?
12
Let l(v) = -2*v + 20. Let h be l(0). What is the greatest common divisor of h and 80?
20
Let w(l) = -12*l**3 - l**2 + 1. Let h(z) = z - 5. Let j be h(7). Let v = j + -3. Let b be w(v). Calculate the greatest common divisor of b and 48.
12
Let p(o) = 7*o**3 + 2*o**2 - 3*o. Let n be p(2). Let q = n - 28. Suppose 19 + 29 = 4*c. What is the highest common factor of q and c?
6
Let w be (3/(-3) - 2) + 19. Calculate the greatest common factor of w and 16.
16
Suppose 0 = 3*p - 2*d - 42, -2 = -p + 5*d - 1. Let q = 188 - 60. Calculate the highest common divisor of q and p.
16
Let z = 190 + -46. Calculate the highest common factor of z and 16.
16
Let i = -106 + 190. Suppose 5*a = 4*z + 62 - 18, a - 32 = -5*z. Calculate the greatest common divisor of a and i.
12
Suppose -10 - 188 = -18*q. Let j = -7 + 11. Let i be -55*j*2/(-10). Calculate the greatest common factor of q and i.
11
Let j(r) = 2*r**2 - 3*r - 9. Let h be j(-7). Suppose g + 0*g - 10 = 0. Calculate the greatest common factor of h and g.
10
Let u(z) = 57*z + 8. Let w be u(1). Let v(i) = i**3 - i**2 - 15. Let h be v(0). Let n = -2 - h. Calculate the greatest common factor of n and w.
13
Let u be (6 + 0)/((-7)/(-70)). Suppose 53 = 4*m - 7. Calculate the greatest common divisor of m and u.
15
Let p(u) = -u + 9. Let t be p(5). Let c be 2/t + 51/6. Let i(f) = 11*f**2. Let d be i(-3). What is the greatest common divisor of c and d?
9
Let i = -50 + 72. Let t be -1 - (-19*3 - -1). Calculate the highest common divisor of t and i.
11
Let h be (-2)/((-3)/6*1). Suppose -2*y + 22 = -5*b, -b + 28 = h*y + 6. Suppose 0*p + 54 = 3*p. What is the greatest common divisor of p and y?
6
Suppose 2*k + 22 = 3*k. Let i(a) = 3*a - 2. Let n be i(-2). Let g = k + n. Calculate the greatest common divisor of 35 and g.
7
Let q(h) = -h**3 + 2*h**2 - 5*h + 2. Let w be q(-4). Suppose f = w - 13. Calculate the highest common divisor of f and 15.
15
Let o be 6/4*(-462)/(-63). Calculate the greatest common factor of 22 and o.
11
Suppose 4*k - 27 = 3*k. Calculate the highest common factor of k and 297.
27
Let n(i) = -i**2 - 7*i. Let z be n(-3). Suppose -3*v + 6 = -v. Calculate the greatest common divisor of z and v.
3
Let o = 70 - 40. Calculate the greatest common factor of 6 and o.
6
Suppose -2*l - 3 = -9. Suppose l*z - 13 - 23 = 0. Suppose -3*s - 34 = -4*g, 2*g = 4*s + 10 + z. What is the greatest common divisor of 7 and g?
7
Suppose h + g - 24 = -0, -4*g + 117 = 5*h. Let m be (-6)/18*-1*18. Suppose -c - 3 = -m. Calculate the greatest common divisor of c and h.
3
Let a(t) = -2*t - 3. Let k be a(-4). Suppose 3*c - 4 = -1. What is the highest common factor of k and c?
1
Suppose 4*b - 63 = -203. Let y = b + 55. Calculate the greatest common factor of y and 20.
20
Suppose -12*x = -14*x + 110. Suppose 0 + 22 = 2*j. Calculate the highest common factor of j and x.
11
Let w(m) = m**3 + 16*m**2 - 3*m - 24. Let q be w(-16). Calculate the greatest common factor of 60 and q.
12
Let w(b) = b**2 - 2. Let h be w(-2). Suppose h*x + 11 = 27. Calculate the highest common factor of 64 and x.
8
Let a = -18 + 26. Suppose -4*d = -5*c - 0*d + 104, -5*c + 116 = -d. What is the highest common factor of c and a?
8
Let x = 28 + -10. What is the highest common factor of x and 108?
18
Suppose 0 = -5*b - 5*a - 20, 5*a + 20 = -b + 2*b. Suppose -o + 0*o + 15 = b. Calculate the greatest common divisor of 15 and o.
15
Let j be -2 + ((-22)/(-6))/(19/57). Calculate the highest common factor of j and 3.
3
Let p be (-3 + 4)*-1 - -6. Let s = p - 4. Let j = 7 + -1. What is the highest common factor of j and s?
1
Let y be 2 + 3 + 1/(4/(-12)). Calculate the greatest common factor of y and 1.
1
Let v(w) = w**2 - 4*w + 6. Let q be v(4). Let z be q/10 + 1014/10. Calculate the greatest common factor of z and 17.
17
Suppose 0 = v - u - 14, -3*v + 2*v - 3*u = -18. What is the greatest common factor of 6 and v?
3
Let s(o) = -20*o - 16. Let h be s(-6). Calculate the greatest common factor of h and 13.
13
Let y(t) = 2*t - 10. Suppose -29 = -5*g + 6. Let a be y(g). Suppose p + 105 = a*p. What is the greatest common factor of 14 and p?
7
Suppose -3*m = 2*m. Let f = 4 - -1. Suppose m = -f*k + k + 320. Calculate the greatest common factor of 10 and k.
10
Let i be (-4)/14 - 312/(-14). Let a(r) = 6*r + 2. Let p be a(4). Suppose 2*d - p = -4. Calculate the greatest common factor of i and d.
11
Suppose 0 = 4*b - 16, 0 = l - 5*l - 4*b - 28. Let j = l + 39. What is the highest common divisor of 196 and j?
28
Suppose -65 - 32 = -5*u - 3*t, -4*u = -t - 64. Let j = 3 + 14. What is the greatest common divisor of u and j?
17
Let z(d) be the second derivative of -37*d**3/2 + d**2/2 - d. Let w be z(-1). Calculate the highest common factor of w and 16.
16
Let q(z) = 3*z - 4. Let f be q(4). Calculate the highest common factor of 16 and f.
8
Let i(k) = k**2 - 4*k - 8. Let n be i(6). Let c be (-2)/5 - (-2664)/60. Calculate the highest common factor of n and c.
4
Let a be (5 - 4) + 27/1. Let b be (-4)/10 + (-26)/10. Let q(i) = 9*i**2 + 4*i + 1. Let r be q(b). Calculate the highest common factor of r and a.
14
Let k(q) be the first derivative of 4*q**3/3 + 4*q**2 + 4*q + 2. Let u be k(-5). What is the highest common factor of 16 and u?
16
Suppose 0 = -5*y - 3*z + 498, 0 = -0*y - y - 3*z + 102. What is the greatest common factor of y and 11?
11
Suppose 4*w + 3*p - 4*p = 11, 2*w - 11 = -5*p. Suppose -w*i - 252 = -2*c - 2*i, 12 = 3*i. What is the highest common factor of 16 and c?
16
Suppose 1 + 5 = 3*c. Suppose -3*s - c*u = -29 - 23, -3*u = 5*s - 88. Calculate the greatest common divisor of s and 50.
10
Suppose -z + 11 = 5*j, -8 + 5 = -3*j + 3*z. Calculate the highest common factor of 6 and j.
2
Let c be (-1)/(-2) - (3330/4)/(-15). Calculate the highest common factor of 7 and c.
7
Let r = 26 - 6. Let q = 8 + -4. Suppose -188 = -q*h - 3*s, -3*s - 120 = -2*h + 2*s. What is the highest common divisor of r and h?
10
Let x(y) = -5*y - 15. Let k be x(-10). Suppose -7*t + 3*t = -56. What is the greatest common factor of k and t?
7
Suppose -5*t = -15, -5*y = -3*t - 46 - 30. What is the highest common divisor of 85 and y?
17
Let u = 799 - 355. Suppose i = 2*i - u. Suppose 0 = -5*n - 129 + i. What is the highest common factor of n and 9?
9
Let d(i) = -i**2 - 6*i + 2. Let q be d(-6). What is the greatest common divisor of 2 and q?
2
Let w(y) = -y**3 - 23*y**2 - 7*y + 25. Let t(g) = g**2 - g. Let x(l) = -5*t(l) - w(l). Let m be x(-17). Calculate the highest common divisor of m and 12.
12
Let y(h) = -2 + 33*h**2 + 5*h**2 + 3. Let g be y(-1). Let f be -2 - 0/(-2) - -15. Calculate the highest common factor of f and g.
13
Suppose -6 = -4*r + 10. What is the greatest common divisor of 8 and r?
4
Let d(a) = 10*a**2 + 1. Suppose -3 = 4*p - 11. Let o be 2/p*(-2)/2. Let j be d(o). What is the greatest common factor of j and 11?
11
Let a = 203 - 38. What is the highest common divisor of 33 and a?
33
Let r(n) = n**2 + n + 66. Let l = 10 - 21. Let d(q) = -q**2 - 12*q - 11. Let c be d(l). Let t be r(c). What is the highest common factor of 6 and t?
6
Let y = 0 + 5. Suppose 5*o - q - 15 = 25, -o + y*q + 8 = 0. Calculate the highest common factor of o and 16.
8
Let u = -5 + 7. Suppose 3*s = 3*i - 0*i - 12, 0 = -u*s + 8. What is the 